{"id":21,"date":"2023-07-14T14:26:48","date_gmt":"2023-07-14T14:26:48","guid":{"rendered":"https:\/\/galasbeautyspa.com\/?page_id=21"},"modified":"2024-06-17T17:31:06","modified_gmt":"2024-06-17T17:31:06","slug":"reservations","status":"publish","type":"page","link":"http:\/\/galasbeautyspa.com\/es\/reservations\/","title":{"rendered":"Reservaciones"},"content":{"rendered":"<p>[et_pb_section fb_built=&#8221;1&#8243; custom_padding_last_edited=&#8221;on|phone&#8221; next_background_color=&#8221;#f7eee8&#8243; admin_label=&#8221;Header&#8221; _builder_version=&#8221;4.21.0&#8243; _module_preset=&#8221;default&#8221; use_background_color_gradient=&#8221;on&#8221; background_color_gradient_direction=&#8221;90deg&#8221; background_color_gradient_stops=&#8221;rgba(196,114,146,0.76) 0%|rgba(15,33,61,0.5) 100%&#8221; background_color_gradient_overlays_image=&#8221;on&#8221; background_color_gradient_start=&#8221;rgba(0,0,0,0.71)&#8221; background_color_gradient_end=&#8221;rgba(0,0,0,0)&#8221; background_image=&#8221;http:\/\/galasbeautyspa.com\/wp-content\/uploads\/2023\/07\/hermosa-joven-acostada-esperando-su-masaje-concepto-spa_144627-42874.webp&#8221; parallax=&#8221;on&#8221; parallax_method=&#8221;off&#8221; custom_padding=&#8221;6vw||6vw||true|false&#8221; custom_padding_tablet=&#8221;6vw||6vw||true|false&#8221; custom_padding_phone=&#8221;||15vw||false|false&#8221; bottom_divider_style=&#8221;wave2&#8243; global_colors_info=&#8221;{}&#8221;][et_pb_row _builder_version=&#8221;4.16&#8243; _module_preset=&#8221;default&#8221; global_colors_info=&#8221;{}&#8221;][et_pb_column type=&#8221;4_4&#8243; _builder_version=&#8221;4.16&#8243; _module_preset=&#8221;default&#8221; global_colors_info=&#8221;{}&#8221;][et_pb_text _builder_version=&#8221;4.21.0&#8243; _module_preset=&#8221;b0bf5418-994a-43d1-aef8-7d7c6764119d&#8221; text_text_color=&#8221;#FFFFFF&#8221; text_font_size=&#8221;16px&#8221; header_font=&#8221;Tajawal|900|||||||&#8221; header_text_color=&#8221;#FFFFFF&#8221; header_font_size=&#8221;100px&#8221; max_width=&#8221;800px&#8221; header_font_size_tablet=&#8221;50px&#8221; header_font_size_phone=&#8221;32px&#8221; header_font_size_last_edited=&#8221;on|phone&#8221; locked=&#8221;off&#8221; global_colors_info=&#8221;{}&#8221;]<\/p>\n<h1>Reservaciones<\/h1>\n<p>Reserva tu cita: Programa tu visita para recibir nuestros servicios exclusivos.<\/p>\n<p>[\/et_pb_text][\/et_pb_column][\/et_pb_row][\/et_pb_section][et_pb_section fb_built=&#8221;1&#8243; use_custom_gutter=&#8221;on&#8221; gutter_width=&#8221;1&#8243; background_color_2=&#8221;#FFFFFF&#8221; padding_top_2=&#8221;30px&#8221; padding_right_2=&#8221;30px&#8221; padding_bottom_2=&#8221;30px&#8221; padding_left_2=&#8221;30px&#8221; padding_top_bottom_link_2=&#8221;true&#8221; padding_left_right_link_2=&#8221;true&#8221; admin_label=&#8221;Contact&#8221; _builder_version=&#8221;4.21.0&#8243; _module_preset=&#8221;default&#8221; background_color=&#8221;#f7eee8&#8243; background_enable_image=&#8221;off&#8221; background_position=&#8221;top_center&#8221; custom_padding=&#8221;||||false|false&#8221; global_colors_info=&#8221;{}&#8221;][et_pb_row column_structure=&#8221;1_2,1_2&#8243; _builder_version=&#8221;4.21.0&#8243; _module_preset=&#8221;default&#8221; global_colors_info=&#8221;{}&#8221;][et_pb_column type=&#8221;1_2&#8243; _builder_version=&#8221;4.16&#8243; _module_preset=&#8221;default&#8221; background_color=&#8221;#FFFFFF&#8221; custom_padding=&#8221;40px|30px|40px|30px|true|true&#8221; custom_padding_tablet=&#8221;&#8221; custom_padding_phone=&#8221;40px|20px|40px|20px|true|true&#8221; custom_padding_last_edited=&#8221;on|phone&#8221; global_colors_info=&#8221;{}&#8221;][et_pb_code raw_content_tablet=&#8221;<!-- Calendly inline widget begin --><\/p>\n<div class=\"%22calendly-inline-widget%22\" data-url=\"%22https:\/\/calendly.com\/galasbeautyspa\/agendar-cita?hide_gdpr_banner=1&#038;primary_color=c67695%22\" style=\"%22min-width:280px;height:800px;%22\"><\/div>\n<p><script type=\"%22text\/javascript%22\" src=\"%22https:\/\/assets.calendly.com\/assets\/external\/widget.js%22\" async><\/script><br \/>\n<!-- Calendly inline widget end -->&#8221; raw_content_phone=&#8221;<!-- Calendly inline widget begin --><\/p>\n<div class=\"%22calendly-inline-widget%22\" data-url=\"%22https:\/\/calendly.com\/galasbeautyspa\/agendar-cita?hide_gdpr_banner=1&#038;primary_color=c67695%22\" style=\"%22min-width:280px;height:800px;%22\"><\/div>\n<p><script type=\"%22text\/javascript%22\" src=\"%22https:\/\/assets.calendly.com\/assets\/external\/widget.js%22\" async><\/script><br \/>\n<!-- Calendly inline widget end -->&#8221; raw_content_last_edited=&#8221;on|tablet&#8221; _builder_version=&#8221;4.21.0&#8243; _module_preset=&#8221;default&#8221; hover_enabled=&#8221;0&#8243; global_colors_info=&#8221;{}&#8221; sticky_enabled=&#8221;0&#8243;]<!-- Calendly inline widget begin --><!-- [et_pb_line_break_holder] --><\/p>\n<div class=\"calendly-inline-widget\" data-url=\"https:\/\/calendly.com\/galasbeautyspa\/booking?hide_gdpr_banner=1&#038;primary_color=c67695\" style=\"min-width:320px;height:800px;\"><\/div>\n<p><!-- [et_pb_line_break_holder] --><script type=\"text\/javascript\" src=\"https:\/\/assets.calendly.com\/assets\/external\/widget.js\" async><\/script><!-- [et_pb_line_break_holder] --><!-- Calendly inline widget end -->[\/et_pb_code][\/et_pb_column][et_pb_column type=&#8221;1_2&#8243; _builder_version=&#8221;4.21.0&#8243; _module_preset=&#8221;default&#8221; custom_padding=&#8221;||||false|false&#8221; global_colors_info=&#8221;{}&#8221;][et_pb_text _builder_version=&#8221;4.21.0&#8243; _module_preset=&#8221;b0bf5418-994a-43d1-aef8-7d7c6764119d&#8221; text_text_color=&#8221;#666666&#8243; text_font_size=&#8221;16px&#8221; header_font=&#8221;Tajawal|900|||||||&#8221; header_text_color=&#8221;#FFFFFF&#8221; header_font_size=&#8221;100px&#8221; max_width=&#8221;600px&#8221; header_font_size_tablet=&#8221;50px&#8221; header_font_size_phone=&#8221;32px&#8221; header_font_size_last_edited=&#8221;on|phone&#8221; locked=&#8221;off&#8221; global_colors_info=&#8221;{}&#8221;]<\/p>\n<p>En Galas, queremos asegurarnos de que tengas la mejor experiencia posible. Para ello, te invitamos a reservar tu cita y programar tu visita a nuestro spa. Nuestro proceso de reserva es r\u00e1pido y sencillo, permiti\u00e9ndote seleccionar el servicio deseado, elegir la fecha y hora que mejor se adapte a tu agenda y asegurar tu lugar para recibir nuestros servicios exclusivos.<\/p>\n<p>Reservar con antelaci\u00f3n te garantiza un tiempo dedicado exclusivamente para ti, donde podr\u00e1s relajarte y disfrutar de nuestros tratamientos de belleza y bienestar en un entorno tranquilo y acogedor. Te recomendamos hacer tu reserva con anticipaci\u00f3n para asegurarte la disponibilidad y as\u00ed poder brindarte una atenci\u00f3n personalizada.<\/p>\n<p>En Galas, siempre estamos buscando formas de consentir a nuestros clientes. Te invitamos a explorar nuestras promociones especiales, donde encontrar\u00e1s ofertas exclusivas y paquetes dise\u00f1ados para brindarte una experiencia completa de relajaci\u00f3n y rejuvenecimiento. Ya sea que est\u00e9s interesado en un tratamiento espec\u00edfico o en un paquete de servicios combinados, nuestras promociones te permitir\u00e1n aprovechar al m\u00e1ximo tu visita al spa y disfrutar de beneficios adicionales.<\/p>\n<p>Pol\u00edticas de cancelaci\u00f3n y reprogramaci\u00f3n: Conoce nuestras pol\u00edticas para brindarte flexibilidad.\nEntendemos que los imprevistos pueden ocurrir y es posible que necesites cancelar o reprogramar tu cita. En Galas, nos esforzamos por brindarte la m\u00e1xima flexibilidad posible. Te invitamos a revisar nuestras pol\u00edticas de cancelaci\u00f3n y reprogramaci\u00f3n, las cuales est\u00e1n dise\u00f1adas para adaptarse a tus necesidades. Si necesitas realizar alg\u00fan cambio en tu cita, te pedimos que nos contactes con anticipaci\u00f3n para poder reorganizar tu visita y asegurarte una experiencia sin contratiempos.<\/p>\n<p>Reserva ahora y d\u00e9janos cuidar de ti en Galas. Nuestro objetivo es brindarte una experiencia excepcional desde el momento en que haces tu reserva hasta el momento en que sales de nuestro spa. \u00a1Estamos emocionados de recibirte y ayudarte a alcanzar el bienestar y la belleza que mereces!<\/p>\n<p>[\/et_pb_text][\/et_pb_column][\/et_pb_row][\/et_pb_section]<\/p>","protected":false},"excerpt":{"rendered":"<p>Reservations Book Your Appointment: Schedule your visit to receive our exclusive services. At Galas, we want to ensure you have the best possible experience. To achieve that, we invite you to book your appointment and schedule your visit to our spa.Your reservation process is quick and easy, allowing you to select your desired service, choose [&hellip;]<\/p>","protected":false},"author":1,"featured_media":0,"parent":0,"menu_order":0,"comment_status":"closed","ping_status":"closed","template":"","meta":{"_et_pb_use_builder":"on","_et_pb_old_content":"","_et_gb_content_width":""},"_links":{"self":[{"href":"http:\/\/galasbeautyspa.com\/es\/wp-json\/wp\/v2\/pages\/21"}],"collection":[{"href":"http:\/\/galasbeautyspa.com\/es\/wp-json\/wp\/v2\/pages"}],"about":[{"href":"http:\/\/galasbeautyspa.com\/es\/wp-json\/wp\/v2\/types\/page"}],"author":[{"embeddable":true,"href":"http:\/\/galasbeautyspa.com\/es\/wp-json\/wp\/v2\/users\/1"}],"replies":[{"embeddable":true,"href":"http:\/\/galasbeautyspa.com\/es\/wp-json\/wp\/v2\/comments?post=21"}],"version-history":[{"count":16,"href":"http:\/\/galasbeautyspa.com\/es\/wp-json\/wp\/v2\/pages\/21\/revisions"}],"predecessor-version":[{"id":647,"href":"http:\/\/galasbeautyspa.com\/es\/wp-json\/wp\/v2\/pages\/21\/revisions\/647"}],"wp:attachment":[{"href":"http:\/\/galasbeautyspa.com\/es\/wp-json\/wp\/v2\/media?parent=21"}],"curies":[{"name":"wp","href":"https:\/\/api.w.org\/{rel}","templated":true}]}}

<p>[et_pb_section fb_built=&#8221;1&#8243; custom_padding_last_edited=&#8221;on|phone&#8221; next_background_color=&#8221;#f7eee8&#8243; admin_label=&#8221;Header&#8221; _builder_version=&#8221;4.21.0&#8243; _module_preset=&#8221;default&#8221; use_background_color_gradient=&#8221;on&#8221; background_color_gradient_direction=&#8221;90deg&#8221; background_color_gradient_stops=&#8221;rgba(196,114,146,0.76) 0%|rgba(15,33,61,0.5) 100%&#8221; background_color_gradient_overlays_image=&#8221;on&#8221; background_color_gradient_start=&#8221;rgba(0,0,0,0.71)&#8221; background_color_gradient_end=&#8221;rgba(0,0,0,0)&#8221; background_image=&#8221;http://galasbeautyspa.com/wp-content/uploads/2023/07/hermosa-joven-acostada-esperando-su-masaje-concepto-spa_144627-42874.webp&#8221; parallax=&#8221;on&#8221; parallax_method=&#8221;off&#8221; custom_padding=&#8221;6vw||6vw||true|false&#8221; custom_padding_tablet=&#8221;6vw||6vw||true|false&#8221; custom_padding_phone=&#8221;||15vw||false|false&#8221; bottom_divider_style=&#8221;wave2&#8243; global_colors_info=&#8221;{}&#8221;][et_pb_row _builder_version=&#8221;4.16&#8243; _module_preset=&#8221;default&#8221; global_colors_info=&#8221;{}&#8221;][et_pb_column type=&#8221;4_4&#8243; _builder_version=&#8221;4.16&#8243; _module_preset=&#8221;default&#8221; global_colors_info=&#8221;{}&#8221;][et_pb_text _builder_version=&#8221;4.21.0&#8243; _module_preset=&#8221;b0bf5418-994a-43d1-aef8-7d7c6764119d&#8221; text_text_color=&#8221;#FFFFFF&#8221; text_font_size=&#8221;16px&#8221; header_font=&#8221;Tajawal|900|||||||&#8221; header_text_color=&#8221;#FFFFFF&#8221; header_font_size=&#8221;100px&#8221; max_width=&#8221;800px&#8221; header_font_size_tablet=&#8221;50px&#8221; header_font_size_phone=&#8221;32px&#8221; header_font_size_last_edited=&#8221;on|phone&#8221; locked=&#8221;off&#8221; global_colors_info=&#8221;{}&#8221;]</p>
<h1>Reservaciones</h1>
<p>Reserva tu cita: Programa tu visita para recibir nuestros servicios exclusivos.</p>
<p>[/et_pb_text][/et_pb_column][/et_pb_row][/et_pb_section][et_pb_section fb_built=&#8221;1&#8243; use_custom_gutter=&#8221;on&#8221; gutter_width=&#8221;1&#8243; background_color_2=&#8221;#FFFFFF&#8221; padding_top_2=&#8221;30px&#8221; padding_right_2=&#8221;30px&#8221; padding_bottom_2=&#8221;30px&#8221; padding_left_2=&#8221;30px&#8221; padding_top_bottom_link_2=&#8221;true&#8221; padding_left_right_link_2=&#8221;true&#8221; admin_label=&#8221;Contact&#8221; _builder_version=&#8221;4.21.0&#8243; _module_preset=&#8221;default&#8221; background_color=&#8221;#f7eee8&#8243; background_enable_image=&#8221;off&#8221; background_position=&#8221;top_center&#8221; custom_padding=&#8221;||||false|false&#8221; global_colors_info=&#8221;{}&#8221;][et_pb_row column_structure=&#8221;1_2,1_2&#8243; _builder_version=&#8221;4.21.0&#8243; _module_preset=&#8221;default&#8221; global_colors_info=&#8221;{}&#8221;][et_pb_column type=&#8221;1_2&#8243; _builder_version=&#8221;4.16&#8243; _module_preset=&#8221;default&#8221; background_color=&#8221;#FFFFFF&#8221; custom_padding=&#8221;40px|30px|40px|30px|true|true&#8221; custom_padding_tablet=&#8221;&#8221; custom_padding_phone=&#8221;40px|20px|40px|20px|true|true&#8221; custom_padding_last_edited=&#8221;on|phone&#8221; global_colors_info=&#8221;{}&#8221;][et_pb_code raw_content_tablet=&#8221;<!-- Calendly inline widget begin --></p>
<div class="%22calendly-inline-widget%22" data-url="%22https://calendly.com/galasbeautyspa/agendar-cita?hide_gdpr_banner=1&#038;primary_color=c67695%22" style="%22min-width:280px;height:800px;%22"></div>
<p><script type="%22text/javascript%22" src="%22https://assets.calendly.com/assets/external/widget.js%22" async></script><br />
<!-- Calendly inline widget end -->&#8221; raw_content_phone=&#8221;<!-- Calendly inline widget begin --></p>
<div class="%22calendly-inline-widget%22" data-url="%22https://calendly.com/galasbeautyspa/agendar-cita?hide_gdpr_banner=1&#038;primary_color=c67695%22" style="%22min-width:280px;height:800px;%22"></div>
<p><script type="%22text/javascript%22" src="%22https://assets.calendly.com/assets/external/widget.js%22" async></script><br />
<!-- Calendly inline widget end -->&#8221; raw_content_last_edited=&#8221;on|tablet&#8221; _builder_version=&#8221;4.21.0&#8243; _module_preset=&#8221;default&#8221; hover_enabled=&#8221;0&#8243; global_colors_info=&#8221;{}&#8221; sticky_enabled=&#8221;0&#8243;]<!-- Calendly inline widget begin --><!-- [et_pb_line_break_holder] --></p>
<div class="calendly-inline-widget" data-url="https://calendly.com/galasbeautyspa/booking?hide_gdpr_banner=1&#038;primary_color=c67695" style="min-width:320px;height:800px;"></div>
<p><!-- [et_pb_line_break_holder] --><script type="text/javascript" src="https://assets.calendly.com/assets/external/widget.js" async></script><!-- [et_pb_line_break_holder] --><!-- Calendly inline widget end -->[/et_pb_code][/et_pb_column][et_pb_column type=&#8221;1_2&#8243; _builder_version=&#8221;4.21.0&#8243; _module_preset=&#8221;default&#8221; custom_padding=&#8221;||||false|false&#8221; global_colors_info=&#8221;{}&#8221;][et_pb_text _builder_version=&#8221;4.21.0&#8243; _module_preset=&#8221;b0bf5418-994a-43d1-aef8-7d7c6764119d&#8221; text_text_color=&#8221;#666666&#8243; text_font_size=&#8221;16px&#8221; header_font=&#8221;Tajawal|900|||||||&#8221; header_text_color=&#8221;#FFFFFF&#8221; header_font_size=&#8221;100px&#8221; max_width=&#8221;600px&#8221; header_font_size_tablet=&#8221;50px&#8221; header_font_size_phone=&#8221;32px&#8221; header_font_size_last_edited=&#8221;on|phone&#8221; locked=&#8221;off&#8221; global_colors_info=&#8221;{}&#8221;]</p>
<p>En Galas, queremos asegurarnos de que tengas la mejor experiencia posible. Para ello, te invitamos a reservar tu cita y programar tu visita a nuestro spa. Nuestro proceso de reserva es rápido y sencillo, permitiéndote seleccionar el servicio deseado, elegir la fecha y hora que mejor se adapte a tu agenda y asegurar tu lugar para recibir nuestros servicios exclusivos.</p>
<p>Reservar con antelación te garantiza un tiempo dedicado exclusivamente para ti, donde podrás relajarte y disfrutar de nuestros tratamientos de belleza y bienestar en un entorno tranquilo y acogedor. Te recomendamos hacer tu reserva con anticipación para asegurarte la disponibilidad y así poder brindarte una atención personalizada.</p>
<p>En Galas, siempre estamos buscando formas de consentir a nuestros clientes. Te invitamos a explorar nuestras promociones especiales, donde encontrarás ofertas exclusivas y paquetes diseñados para brindarte una experiencia completa de relajación y rejuvenecimiento. Ya sea que estés interesado en un tratamiento específico o en un paquete de servicios combinados, nuestras promociones te permitirán aprovechar al máximo tu visita al spa y disfrutar de beneficios adicionales.</p>
<p>Políticas de cancelación y reprogramación: Conoce nuestras políticas para brindarte flexibilidad.
Entendemos que los imprevistos pueden ocurrir y es posible que necesites cancelar o reprogramar tu cita. En Galas, nos esforzamos por brindarte la máxima flexibilidad posible. Te invitamos a revisar nuestras políticas de cancelación y reprogramación, las cuales están diseñadas para adaptarse a tus necesidades. Si necesitas realizar algún cambio en tu cita, te pedimos que nos contactes con anticipación para poder reorganizar tu visita y asegurarte una experiencia sin contratiempos.</p>
<p>Reserva ahora y déjanos cuidar de ti en Galas. Nuestro objetivo es brindarte una experiencia excepcional desde el momento en que haces tu reserva hasta el momento en que sales de nuestro spa. ¡Estamos emocionados de recibirte y ayudarte a alcanzar el bienestar y la belleza que mereces!</p>
<p>[/et_pb_text][/et_pb_column][/et_pb_row][/et_pb_section]</p>
